{"id":32984,"date":"2025-09-25T10:26:03","date_gmt":"2025-09-25T10:26:03","guid":{"rendered":"https:\/\/walkingmum.com\/?post_type=product&#038;p=32984"},"modified":"2025-09-25T10:26:03","modified_gmt":"2025-09-25T10:26:03","slug":"sac-a-langer-velours-cotele-gala-cerise","status":"publish","type":"product","link":"https:\/\/walkingmum.com\/fr\/produit\/sac-a-langer-velours-cotele-gala-cerise\/","title":{"rendered":"SAC \u00c0 LANGER VELOURS C\u00d4TEL\u00c9 GALA CERISE"},"content":{"rendered":"<p>Sac \u00e0 langer en velours Gala Cerise pour poussettes, avec matelas \u00e0 langer. Sac \u00e0 langer tr\u00e8s l\u00e9ger, r\u00e9sistant et de grande capacit\u00e9 pour transporter tout le n\u00e9cessaire pour les sorties de b\u00e9b\u00e9. Il dispose de multiples poches pour tout ranger. \u00c0 l&rsquo;int\u00e9rieur, il comprend une poche plastifi\u00e9e pour les v\u00eatements mouill\u00e9s, une poche isotherme pour les biberons et deux poches pour avoir \u00e0 port\u00e9e de main ce dont vous avez le plus besoin. Le sac est dot\u00e9 d&rsquo;un syst\u00e8me de fixation universel, avec 2 poign\u00e9es courtes qui facilitent son placement sur la poussette. Il comprend \u00e9galement une longue poign\u00e9e pour le porter \u00e0 l&rsquo;\u00e9paule. Grande qualit\u00e9 et beaucoup de style. Fabriqu\u00e9 en 100 % coton avec un traitement imperm\u00e9able, facile \u00e0 nettoyer \u00e0 la main ou en machine \u00e0 30 \u00b0C. Walking Mum prot\u00e8ge votre b\u00e9b\u00e9 en utilisant les meilleurs tissus, sans colorants azo\u00efques ni substances nocives pour la sant\u00e9. Notre collection Walking Mum est con\u00e7ue avec une touche particuli\u00e8re de style urbain et moderne qui ne passe pas inaper\u00e7ue, pour habiller diff\u00e9remment les sorties de votre b\u00e9b\u00e9. Les sacs de maternit\u00e9 de cette ligne sont plus sportifs et pratiques, sp\u00e9cialement con\u00e7us pour les mamans et les papas modernes qui appr\u00e9cient les designs les plus r\u00e9cents et les plus tendance sans n\u00e9gliger la qualit\u00e9 et la fonctionnalit\u00e9 des accessoires qui compl\u00e8tent et rendent plus confortables toutes les sorties avec leurs b\u00e9b\u00e9s. Caract\u00e9ristiques : Mat\u00e9riaux : coton: 100%  avec traitement imperm\u00e9able. Dimensions : 36 x 23 x 11 cm.<\/p>\n","protected":false},"excerpt":{"rendered":"<p>Sac \u00e0 langer en velours Gala Cerise pour poussettes, avec matelas \u00e0 langer. Sac \u00e0 langer tr\u00e8s l\u00e9ger, r\u00e9sistant et de grande capacit\u00e9 pour transporter tout le n\u00e9cessaire pour les sorties de b\u00e9b\u00e9. Il dispose de multiples poches pour tout ranger. \u00c0 l&rsquo;int\u00e9rieur, il comprend une poche plastifi\u00e9e pour les v\u00eatements mouill\u00e9s, une poche isotherme [&hellip;]<\/p>\n","protected":false},"featured_media":31561,"comment_status":"closed","ping_status":"closed","template":"","meta":{"_acf_changed":false,"inline_featured_image":false},"colecciones":[399],"product_brand":[],"product_cat":[129],"product_tag":[],"class_list":{"0":"post-32984","1":"product","2":"type-product","3":"status-publish","4":"has-post-thumbnail","6":"colecciones-collection-gala","7":"product_cat-sacs-a-langer","9":"first","10":"instock","11":"purchasable","12":"product-type-simple"},"acf":[],"yoast_head":"<!-- This site is optimized with the Yoast SEO plugin v27.5 - https:\/\/yoast.com\/product\/yoast-seo-wordpress\/ -->\n<title>SAC \u00c0 LANGER VELOURS C\u00d4TEL\u00c9 GALA CERISE - Walking Mum<\/title>\n<meta name=\"robots\" content=\"index, follow, max-snippet:-1, max-image-preview:large, max-video-preview:-1\" \/>\n<link rel=\"canonical\" href=\"https:\/\/walkingmum.com\/fr\/produit\/sac-a-langer-velours-cotele-gala-cerise\/\" \/>\n<meta property=\"og:locale\" content=\"fr_FR\" \/>\n<meta property=\"og:type\" content=\"article\" \/>\n<meta property=\"og:title\" content=\"SAC \u00c0 LANGER VELOURS C\u00d4TEL\u00c9 GALA CERISE - Walking Mum\" \/>\n<meta property=\"og:description\" content=\"Sac \u00e0 langer en velours Gala Cerise pour poussettes, avec matelas \u00e0 langer. Sac \u00e0 langer tr\u00e8s l\u00e9ger, r\u00e9sistant et de grande capacit\u00e9 pour transporter tout le n\u00e9cessaire pour les sorties de b\u00e9b\u00e9. Il dispose de multiples poches pour tout ranger. \u00c0 l&rsquo;int\u00e9rieur, il comprend une poche plastifi\u00e9e pour les v\u00eatements mouill\u00e9s, une poche isotherme [&hellip;]\" \/>\n<meta property=\"og:url\" content=\"https:\/\/walkingmum.com\/fr\/produit\/sac-a-langer-velours-cotele-gala-cerise\/\" \/>\n<meta property=\"og:site_name\" content=\"Walking Mum\" \/>\n<meta property=\"og:image\" content=\"https:\/\/walkingmum.com\/wp-content\/uploads\/2025\/09\/1120800600_a-1.jpg\" \/>\n\t<meta property=\"og:image:width\" content=\"1800\" \/>\n\t<meta property=\"og:image:height\" content=\"1800\" \/>\n\t<meta property=\"og:image:type\" content=\"image\/jpeg\" \/>\n<meta name=\"twitter:card\" content=\"summary_large_image\" \/>\n<meta name=\"twitter:label1\" content=\"Dur\u00e9e de lecture estim\u00e9e\" \/>\n\t<meta name=\"twitter:data1\" content=\"1 minute\" \/>\n<script type=\"application\/ld+json\" class=\"yoast-schema-graph\">{\"@context\":\"https:\\\/\\\/schema.org\",\"@graph\":[{\"@type\":\"WebPage\",\"@id\":\"https:\\\/\\\/walkingmum.com\\\/fr\\\/produit\\\/sac-a-langer-velours-cotele-gala-cerise\\\/\",\"url\":\"https:\\\/\\\/walkingmum.com\\\/fr\\\/produit\\\/sac-a-langer-velours-cotele-gala-cerise\\\/\",\"name\":\"SAC \u00c0 LANGER VELOURS C\u00d4TEL\u00c9 GALA CERISE - Walking Mum\",\"isPartOf\":{\"@id\":\"https:\\\/\\\/walkingmum.com\\\/#website\"},\"primaryImageOfPage\":{\"@id\":\"https:\\\/\\\/walkingmum.com\\\/fr\\\/produit\\\/sac-a-langer-velours-cotele-gala-cerise\\\/#primaryimage\"},\"image\":{\"@id\":\"https:\\\/\\\/walkingmum.com\\\/fr\\\/produit\\\/sac-a-langer-velours-cotele-gala-cerise\\\/#primaryimage\"},\"thumbnailUrl\":\"https:\\\/\\\/walkingmum.com\\\/wp-content\\\/uploads\\\/2025\\\/09\\\/1120800600_a-1.jpg\",\"datePublished\":\"2025-09-25T10:26:03+00:00\",\"breadcrumb\":{\"@id\":\"https:\\\/\\\/walkingmum.com\\\/fr\\\/produit\\\/sac-a-langer-velours-cotele-gala-cerise\\\/#breadcrumb\"},\"inLanguage\":\"fr-FR\",\"potentialAction\":[{\"@type\":\"ReadAction\",\"target\":[\"https:\\\/\\\/walkingmum.com\\\/fr\\\/produit\\\/sac-a-langer-velours-cotele-gala-cerise\\\/\"]}]},{\"@type\":\"ImageObject\",\"inLanguage\":\"fr-FR\",\"@id\":\"https:\\\/\\\/walkingmum.com\\\/fr\\\/produit\\\/sac-a-langer-velours-cotele-gala-cerise\\\/#primaryimage\",\"url\":\"https:\\\/\\\/walkingmum.com\\\/wp-content\\\/uploads\\\/2025\\\/09\\\/1120800600_a-1.jpg\",\"contentUrl\":\"https:\\\/\\\/walkingmum.com\\\/wp-content\\\/uploads\\\/2025\\\/09\\\/1120800600_a-1.jpg\",\"width\":1800,\"height\":1800},{\"@type\":\"BreadcrumbList\",\"@id\":\"https:\\\/\\\/walkingmum.com\\\/fr\\\/produit\\\/sac-a-langer-velours-cotele-gala-cerise\\\/#breadcrumb\",\"itemListElement\":[{\"@type\":\"ListItem\",\"position\":1,\"name\":\"Portada\",\"item\":\"https:\\\/\\\/walkingmum.com\\\/fr\\\/\"},{\"@type\":\"ListItem\",\"position\":2,\"name\":\"Tienda\",\"item\":\"https:\\\/\\\/walkingmum.com\\\/tienda\\\/\"},{\"@type\":\"ListItem\",\"position\":3,\"name\":\"SAC \u00c0 LANGER VELOURS C\u00d4TEL\u00c9 GALA CERISE\"}]},{\"@type\":\"WebSite\",\"@id\":\"https:\\\/\\\/walkingmum.com\\\/#website\",\"url\":\"https:\\\/\\\/walkingmum.com\\\/\",\"name\":\"Walking Mum\",\"description\":\"La marca para beb\u00e9s modernos\",\"potentialAction\":[{\"@type\":\"SearchAction\",\"target\":{\"@type\":\"EntryPoint\",\"urlTemplate\":\"https:\\\/\\\/walkingmum.com\\\/?s={search_term_string}\"},\"query-input\":{\"@type\":\"PropertyValueSpecification\",\"valueRequired\":true,\"valueName\":\"search_term_string\"}}],\"inLanguage\":\"fr-FR\"}]}<\/script>\n<!-- \/ Yoast SEO plugin. -->","yoast_head_json":{"title":"SAC \u00c0 LANGER VELOURS C\u00d4TEL\u00c9 GALA CERISE - Walking Mum","robots":{"index":"index","follow":"follow","max-snippet":"max-snippet:-1","max-image-preview":"max-image-preview:large","max-video-preview":"max-video-preview:-1"},"canonical":"https:\/\/walkingmum.com\/fr\/produit\/sac-a-langer-velours-cotele-gala-cerise\/","og_locale":"fr_FR","og_type":"article","og_title":"SAC \u00c0 LANGER VELOURS C\u00d4TEL\u00c9 GALA CERISE - Walking Mum","og_description":"Sac \u00e0 langer en velours Gala Cerise pour poussettes, avec matelas \u00e0 langer. Sac \u00e0 langer tr\u00e8s l\u00e9ger, r\u00e9sistant et de grande capacit\u00e9 pour transporter tout le n\u00e9cessaire pour les sorties de b\u00e9b\u00e9. Il dispose de multiples poches pour tout ranger. \u00c0 l&rsquo;int\u00e9rieur, il comprend une poche plastifi\u00e9e pour les v\u00eatements mouill\u00e9s, une poche isotherme [&hellip;]","og_url":"https:\/\/walkingmum.com\/fr\/produit\/sac-a-langer-velours-cotele-gala-cerise\/","og_site_name":"Walking Mum","og_image":[{"width":1800,"height":1800,"url":"https:\/\/walkingmum.com\/wp-content\/uploads\/2025\/09\/1120800600_a-1.jpg","type":"image\/jpeg"}],"twitter_card":"summary_large_image","twitter_misc":{"Dur\u00e9e de lecture estim\u00e9e":"1 minute"},"schema":{"@context":"https:\/\/schema.org","@graph":[{"@type":"WebPage","@id":"https:\/\/walkingmum.com\/fr\/produit\/sac-a-langer-velours-cotele-gala-cerise\/","url":"https:\/\/walkingmum.com\/fr\/produit\/sac-a-langer-velours-cotele-gala-cerise\/","name":"SAC \u00c0 LANGER VELOURS C\u00d4TEL\u00c9 GALA CERISE - Walking Mum","isPartOf":{"@id":"https:\/\/walkingmum.com\/#website"},"primaryImageOfPage":{"@id":"https:\/\/walkingmum.com\/fr\/produit\/sac-a-langer-velours-cotele-gala-cerise\/#primaryimage"},"image":{"@id":"https:\/\/walkingmum.com\/fr\/produit\/sac-a-langer-velours-cotele-gala-cerise\/#primaryimage"},"thumbnailUrl":"https:\/\/walkingmum.com\/wp-content\/uploads\/2025\/09\/1120800600_a-1.jpg","datePublished":"2025-09-25T10:26:03+00:00","breadcrumb":{"@id":"https:\/\/walkingmum.com\/fr\/produit\/sac-a-langer-velours-cotele-gala-cerise\/#breadcrumb"},"inLanguage":"fr-FR","potentialAction":[{"@type":"ReadAction","target":["https:\/\/walkingmum.com\/fr\/produit\/sac-a-langer-velours-cotele-gala-cerise\/"]}]},{"@type":"ImageObject","inLanguage":"fr-FR","@id":"https:\/\/walkingmum.com\/fr\/produit\/sac-a-langer-velours-cotele-gala-cerise\/#primaryimage","url":"https:\/\/walkingmum.com\/wp-content\/uploads\/2025\/09\/1120800600_a-1.jpg","contentUrl":"https:\/\/walkingmum.com\/wp-content\/uploads\/2025\/09\/1120800600_a-1.jpg","width":1800,"height":1800},{"@type":"BreadcrumbList","@id":"https:\/\/walkingmum.com\/fr\/produit\/sac-a-langer-velours-cotele-gala-cerise\/#breadcrumb","itemListElement":[{"@type":"ListItem","position":1,"name":"Portada","item":"https:\/\/walkingmum.com\/fr\/"},{"@type":"ListItem","position":2,"name":"Tienda","item":"https:\/\/walkingmum.com\/tienda\/"},{"@type":"ListItem","position":3,"name":"SAC \u00c0 LANGER VELOURS C\u00d4TEL\u00c9 GALA CERISE"}]},{"@type":"WebSite","@id":"https:\/\/walkingmum.com\/#website","url":"https:\/\/walkingmum.com\/","name":"Walking Mum","description":"La marca para beb\u00e9s modernos","potentialAction":[{"@type":"SearchAction","target":{"@type":"EntryPoint","urlTemplate":"https:\/\/walkingmum.com\/?s={search_term_string}"},"query-input":{"@type":"PropertyValueSpecification","valueRequired":true,"valueName":"search_term_string"}}],"inLanguage":"fr-FR"}]}},"_links":{"self":[{"href":"https:\/\/walkingmum.com\/fr\/wp-json\/wp\/v2\/product\/32984","targetHints":{"allow":["GET"]}}],"collection":[{"href":"https:\/\/walkingmum.com\/fr\/wp-json\/wp\/v2\/product"}],"about":[{"href":"https:\/\/walkingmum.com\/fr\/wp-json\/wp\/v2\/types\/product"}],"replies":[{"embeddable":true,"href":"https:\/\/walkingmum.com\/fr\/wp-json\/wp\/v2\/comments?post=32984"}],"wp:featuredmedia":[{"embeddable":true,"href":"https:\/\/walkingmum.com\/fr\/wp-json\/wp\/v2\/media\/31561"}],"wp:attachment":[{"href":"https:\/\/walkingmum.com\/fr\/wp-json\/wp\/v2\/media?parent=32984"}],"wp:term":[{"taxonomy":"colecciones","embeddable":true,"href":"https:\/\/walkingmum.com\/fr\/wp-json\/wp\/v2\/colecciones?post=32984"},{"taxonomy":"product_brand","embeddable":true,"href":"https:\/\/walkingmum.com\/fr\/wp-json\/wp\/v2\/product_brand?post=32984"},{"taxonomy":"product_cat","embeddable":true,"href":"https:\/\/walkingmum.com\/fr\/wp-json\/wp\/v2\/product_cat?post=32984"},{"taxonomy":"product_tag","embeddable":true,"href":"https:\/\/walkingmum.com\/fr\/wp-json\/wp\/v2\/product_tag?post=32984"}],"curies":[{"name":"wp","href":"https:\/\/api.w.org\/{rel}","templated":true}]}}

SAC À LANGER VELOURS CÔTELÉ GALA CERISE

<p>Sac à langer en velours Gala Cerise pour poussettes, avec matelas à langer. Sac à langer très léger, résistant et de grande capacité pour transporter tout le nécessaire pour les sorties de bébé. Il dispose de multiples poches pour tout ranger. À l&rsquo;intérieur, il comprend une poche plastifiée pour les vêtements mouillés, une poche isotherme pour les biberons et deux poches pour avoir à portée de main ce dont vous avez le plus besoin. Le sac est doté d&rsquo;un système de fixation universel, avec 2 poignées courtes qui facilitent son placement sur la poussette. Il comprend également une longue poignée pour le porter à l&rsquo;épaule. Grande qualité et beaucoup de style. Fabriqué en 100 % coton avec un traitement imperméable, facile à nettoyer à la main ou en machine à 30 °C. Walking Mum protège votre bébé en utilisant les meilleurs tissus, sans colorants azoïques ni substances nocives pour la santé. Notre collection Walking Mum est conçue avec une touche particulière de style urbain et moderne qui ne passe pas inaperçue, pour habiller différemment les sorties de votre bébé. Les sacs de maternité de cette ligne sont plus sportifs et pratiques, spécialement conçus pour les mamans et les papas modernes qui apprécient les designs les plus récents et les plus tendance sans négliger la qualité et la fonctionnalité des accessoires qui complètent et rendent plus confortables toutes les sorties avec leurs bébés. Caractéristiques : Matériaux : coton: 100%  avec traitement imperméable. Dimensions : 36 x 23 x 11 cm.</p>

<p>Sac à langer en velours Gala Cerise pour poussettes, avec matelas à langer. Sac à langer très léger, résistant et de grande capacité pour transporter tout le nécessaire pour les sorties de bébé. Il dispose de multiples poches pour tout ranger. À l&rsquo;intérieur, il comprend une poche plastifiée pour les vêtements mouillés, une poche isotherme [&hellip;]</p>

<!-- This site is optimized with the Yoast SEO plugin v27.5 - https://yoast.com/product/yoast-seo-wordpress/ -->
<title>SAC À LANGER VELOURS CÔTELÉ GALA CERISE - Walking Mum</title>
<meta name="robots" content="index, follow, max-snippet:-1, max-image-preview:large, max-video-preview:-1" />
<link rel="canonical" href="https://walkingmum.com/fr/produit/sac-a-langer-velours-cotele-gala-cerise/" />
<meta property="og:locale" content="fr_FR" />
<meta property="og:type" content="article" />
<meta property="og:title" content="SAC À LANGER VELOURS CÔTELÉ GALA CERISE - Walking Mum" />
<meta property="og:description" content="Sac à langer en velours Gala Cerise pour poussettes, avec matelas à langer. Sac à langer très léger, résistant et de grande capacité pour transporter tout le nécessaire pour les sorties de bébé. Il dispose de multiples poches pour tout ranger. À l&rsquo;intérieur, il comprend une poche plastifiée pour les vêtements mouillés, une poche isotherme [&hellip;]" />
<meta property="og:url" content="https://walkingmum.com/fr/produit/sac-a-langer-velours-cotele-gala-cerise/" />
<meta property="og:site_name" content="Walking Mum" />
<meta property="og:image" content="https://walkingmum.com/wp-content/uploads/2025/09/1120800600_a-1.jpg" />
	<meta property="og:image:width" content="1800" />
	<meta property="og:image:height" content="1800" />
	<meta property="og:image:type" content="image/jpeg" />
<meta name="twitter:card" content="summary_large_image" />
<meta name="twitter:label1" content="Durée de lecture estimée" />
	<meta name="twitter:data1" content="1 minute" />
<script type="application/ld+json" class="yoast-schema-graph">{"@context":"https:\/\/schema.org","@graph":[{"@type":"WebPage","@id":"https:\/\/walkingmum.com\/fr\/produit\/sac-a-langer-velours-cotele-gala-cerise\/","url":"https:\/\/walkingmum.com\/fr\/produit\/sac-a-langer-velours-cotele-gala-cerise\/","name":"SAC À LANGER VELOURS CÔTELÉ GALA CERISE - Walking Mum","isPartOf":{"@id":"https:\/\/walkingmum.com\/#website"},"primaryImageOfPage":{"@id":"https:\/\/walkingmum.com\/fr\/produit\/sac-a-langer-velours-cotele-gala-cerise\/#primaryimage"},"image":{"@id":"https:\/\/walkingmum.com\/fr\/produit\/sac-a-langer-velours-cotele-gala-cerise\/#primaryimage"},"thumbnailUrl":"https:\/\/walkingmum.com\/wp-content\/uploads\/2025\/09\/1120800600_a-1.jpg","datePublished":"2025-09-25T10:26:03+00:00","breadcrumb":{"@id":"https:\/\/walkingmum.com\/fr\/produit\/sac-a-langer-velours-cotele-gala-cerise\/#breadcrumb"},"inLanguage":"fr-FR","potentialAction":[{"@type":"ReadAction","target":["https:\/\/walkingmum.com\/fr\/produit\/sac-a-langer-velours-cotele-gala-cerise\/"]}]},{"@type":"ImageObject","inLanguage":"fr-FR","@id":"https:\/\/walkingmum.com\/fr\/produit\/sac-a-langer-velours-cotele-gala-cerise\/#primaryimage","url":"https:\/\/walkingmum.com\/wp-content\/uploads\/2025\/09\/1120800600_a-1.jpg","contentUrl":"https:\/\/walkingmum.com\/wp-content\/uploads\/2025\/09\/1120800600_a-1.jpg","width":1800,"height":1800},{"@type":"BreadcrumbList","@id":"https:\/\/walkingmum.com\/fr\/produit\/sac-a-langer-velours-cotele-gala-cerise\/#breadcrumb","itemListElement":[{"@type":"ListItem","position":1,"name":"Portada","item":"https:\/\/walkingmum.com\/fr\/"},{"@type":"ListItem","position":2,"name":"Tienda","item":"https:\/\/walkingmum.com\/tienda\/"},{"@type":"ListItem","position":3,"name":"SAC À LANGER VELOURS CÔTELÉ GALA CERISE"}]},{"@type":"WebSite","@id":"https:\/\/walkingmum.com\/#website","url":"https:\/\/walkingmum.com\/","name":"Walking Mum","description":"La marca para bebés modernos","potentialAction":[{"@type":"SearchAction","target":{"@type":"EntryPoint","urlTemplate":"https:\/\/walkingmum.com\/?s={search_term_string}"},"query-input":{"@type":"PropertyValueSpecification","valueRequired":true,"valueName":"search_term_string"}}],"inLanguage":"fr-FR"}]}</script>
<!-- / Yoast SEO plugin. -->

SAC À LANGER VELOURS CÔTELÉ GALA CERISE - Walking Mum

Sac à langer en velours Gala Cerise pour poussettes, avec matelas à langer. Sac à langer très léger, résistant et de grande capacité pour transporter tout le nécessaire pour les sorties de bébé. Il dispose de multiples poches pour tout ranger. À l&rsquo;intérieur, il comprend une poche plastifiée pour les vêtements mouillés, une poche isotherme [&hellip;]

La marca para bebés modernos
